{"id":749,"date":"2021-06-04T13:47:47","date_gmt":"2021-06-04T11:47:47","guid":{"rendered":"https:\/\/www.affinicia.fr\/energie\/?page_id=749"},"modified":"2025-08-05T12:04:33","modified_gmt":"2025-08-05T10:04:33","slug":"fournisseurs","status":"publish","type":"page","link":"https:\/\/www.affinicia.fr\/energie\/electricite\/fournisseurs\/","title":{"rendered":"Fournisseurs d\u2019\u00e9lectricit\u00e9 : liste des fournisseurs d\u2019\u00e9nergie en avril 2026"},"content":{"rendered":"","protected":false},"excerpt":{"rendered":"","protected":false},"author":1,"featured_media":0,"parent":25,"menu_order":0,"comment_status":"closed","ping_status":"closed","template":"templates\/fournisseurs.php","meta":{"_acf_changed":false,"inline_featured_image":false,"footnotes":""},"class_list":["post-749","page","type-page","status-publish","hentry","guide_category-electricite"],"acf":[],"yoast_head":"\nFournisseur \u00e9lectricit\u00e9 : liste des meilleurs fournisseurs en avril 2026<\/title>\n<meta name=\"description\" content=\"Comment choisir le meilleur fournisseur d\u2019\u00e9lectricit\u00e9 en 2026? Utilisez notre comparateur d\u2019offres d\u2019\u00e9lectricit\u00e9 et r\u00e9aliser des \u00e9conomies.\" \/>\n<meta name=\"robots\" content=\"index, follow, max-snippet:-1, max-image-preview:large, max-video-preview:-1\" \/>\n<link rel=\"canonical\" href=\"https:\/\/www.affinicia.fr\/energie\/electricite\/fournisseurs\/\" \/>\n<meta property=\"og:locale\" content=\"fr_FR\" \/>\n<meta property=\"og:type\" content=\"article\" \/>\n<meta property=\"og:title\" content=\"Fournisseur \u00e9lectricit\u00e9 : liste des meilleurs fournisseurs en avril 2026\" \/>\n<meta property=\"og:description\" content=\"Comment choisir le meilleur fournisseur d\u2019\u00e9lectricit\u00e9 en 2026? Utilisez notre comparateur d\u2019offres d\u2019\u00e9lectricit\u00e9 et r\u00e9aliser des \u00e9conomies.\" \/>\n<meta property=\"og:url\" content=\"https:\/\/www.affinicia.fr\/energie\/electricite\/fournisseurs\/\" \/>\n<meta property=\"og:site_name\" content=\"\u00c9nergie\" \/>\n<meta property=\"article:modified_time\" content=\"2025-08-05T10:04:33+00:00\" \/>\n<meta name=\"twitter:card\" content=\"summary_large_image\" \/>\n<!-- \/ Yoast SEO plugin. -->","yoast_head_json":{"title":"Fournisseur \u00e9lectricit\u00e9 : liste des meilleurs fournisseurs en avril 2026","description":"Comment choisir le meilleur fournisseur d\u2019\u00e9lectricit\u00e9 en 2026? Utilisez notre comparateur d\u2019offres d\u2019\u00e9lectricit\u00e9 et r\u00e9aliser des \u00e9conomies.","robots":{"index":"index","follow":"follow","max-snippet":"max-snippet:-1","max-image-preview":"max-image-preview:large","max-video-preview":"max-video-preview:-1"},"canonical":"https:\/\/www.affinicia.fr\/energie\/electricite\/fournisseurs\/","og_locale":"fr_FR","og_type":"article","og_title":"Fournisseur \u00e9lectricit\u00e9 : liste des meilleurs fournisseurs en avril 2026","og_description":"Comment choisir le meilleur fournisseur d\u2019\u00e9lectricit\u00e9 en 2026? Utilisez notre comparateur d\u2019offres d\u2019\u00e9lectricit\u00e9 et r\u00e9aliser des \u00e9conomies.","og_url":"https:\/\/www.affinicia.fr\/energie\/electricite\/fournisseurs\/","og_site_name":"\u00c9nergie","article_modified_time":"2025-08-05T10:04:33+00:00","twitter_card":"summary_large_image","schema":{"@context":"https:\/\/schema.org","@graph":[{"@type":"WebPage","@id":"https:\/\/www.affinicia.fr\/energie\/electricite\/fournisseurs\/","url":"https:\/\/www.affinicia.fr\/energie\/electricite\/fournisseurs\/","name":"Fournisseur \u00e9lectricit\u00e9 : liste des meilleurs fournisseurs en avril 2026","isPartOf":{"@id":"https:\/\/www.affinicia.fr\/energie\/#website"},"datePublished":"2021-06-04T11:47:47+00:00","dateModified":"2025-08-05T10:04:33+00:00","description":"Comment choisir le meilleur fournisseur d\u2019\u00e9lectricit\u00e9 en 2026? Utilisez notre comparateur d\u2019offres d\u2019\u00e9lectricit\u00e9 et r\u00e9aliser des \u00e9conomies.","breadcrumb":{"@id":"https:\/\/www.affinicia.fr\/energie\/electricite\/fournisseurs\/#breadcrumb"},"inLanguage":"fr-FR","potentialAction":[{"@type":"ReadAction","target":["https:\/\/www.affinicia.fr\/energie\/electricite\/fournisseurs\/"]}]},{"@type":"BreadcrumbList","@id":"https:\/\/www.affinicia.fr\/energie\/electricite\/fournisseurs\/#breadcrumb","itemListElement":[{"@type":"ListItem","position":1,"name":"Accueil","item":"https:\/\/www.affinicia.fr\/energie\/"},{"@type":"ListItem","position":2,"name":"Comparateur \u00c9lectricit\u00e9","item":"https:\/\/www.affinicia.fr\/energie\/electricite\/"},{"@type":"ListItem","position":3,"name":"Fournisseurs d\u2019\u00e9lectricit\u00e9 : liste des fournisseurs d\u2019\u00e9nergie en ao\u00fbt 2025"}]},{"@type":"WebSite","@id":"https:\/\/www.affinicia.fr\/energie\/#website","url":"https:\/\/www.affinicia.fr\/energie\/","name":"\u00c9nergie","description":"","potentialAction":[{"@type":"SearchAction","target":{"@type":"EntryPoint","urlTemplate":"https:\/\/www.affinicia.fr\/energie\/?s={search_term_string}"},"query-input":{"@type":"PropertyValueSpecification","valueRequired":true,"valueName":"search_term_string"}}],"inLanguage":"fr-FR"}]}},"_links":{"self":[{"href":"https:\/\/www.affinicia.fr\/energie\/wp-json\/wp\/v2\/pages\/749","targetHints":{"allow":["GET"]}}],"collection":[{"href":"https:\/\/www.affinicia.fr\/energie\/wp-json\/wp\/v2\/pages"}],"about":[{"href":"https:\/\/www.affinicia.fr\/energie\/wp-json\/wp\/v2\/types\/page"}],"author":[{"embeddable":true,"href":"https:\/\/www.affinicia.fr\/energie\/wp-json\/wp\/v2\/users\/1"}],"replies":[{"embeddable":true,"href":"https:\/\/www.affinicia.fr\/energie\/wp-json\/wp\/v2\/comments?post=749"}],"version-history":[{"count":0,"href":"https:\/\/www.affinicia.fr\/energie\/wp-json\/wp\/v2\/pages\/749\/revisions"}],"up":[{"embeddable":true,"href":"https:\/\/www.affinicia.fr\/energie\/wp-json\/wp\/v2\/pages\/25"}],"wp:attachment":[{"href":"https:\/\/www.affinicia.fr\/energie\/wp-json\/wp\/v2\/media?parent=749"}],"curies":[{"name":"wp","href":"https:\/\/api.w.org\/{rel}","templated":true}]}}